 of 1784232502?
True
Does 28 divide 295043731?
False
Does 80 divide 940623760?
True
Is 693 a factor of 19530126?
True
Does 325 divide 1407201900?
True
Is 6 a factor of 209245921?
False
Does 18 divide 104092979?
False
Is 539145824 a multiple of 304?
True
Does 23 divide 146861036?
False
Does 548 divide 283422312?
True
Is 2450 a factor of 286746265?
False
Is 1161973331 a multiple of 8673?
False
Does 24 divide 38888088?
True
Is 28 a factor of 60089120?
True
Is 78863853 a multiple of 579?
True
Does 18 divide 596145353?
False
Is 328 a factor of 147408120?
True
Does 123 divide 36054498?
True
Does 2357 divide 84232109?
True
Is 111 a factor of 1130122?
False
Does 4 divide 1575783?
False
Is 1909 a factor of 37010198?
False
Does 8 divide 111312971?
False
Does 43 divide 7055902?
False
Is 73453825 a multiple of 12?
False
Is 1361969581 a multiple of 13?
False
Is 7722172 even?
True
Is 1739 a factor of 4100562?
True
Is 23 a factor of 69742325?
True
Is 317283779 a multiple of 2483?
False
Does 95 divide 22215180?
True
Does 12 divide 192192947?
False
Does 106 divide 835934534?
False
Does 270 divide 28585515?
False
Is 3 a factor of 166277648?
False
Does 11 divide 20459943?
False
Is 210384052 a multiple of 478?
True
Is 118863909 a multiple of 339?
True
Does 837 divide 928405422?
True
Is 6313608 a multiple of 1147?
False
Does 152 divide 88517504?
True
Is 61672853 a multiple of 90?
False
Is 2547606 a multiple of 3?
True
Is 1131204625 a multiple of 19?
False
Does 21 divide 29865318?
True
Is 101 a factor of 164983903?
False
Is 655134129 a multiple of 279?
True
Is 553419804 a multiple of 516?
True
Does 22 divide 164867670?
True
Is 654 a factor of 44039060?
False
Does 62 divide 19980902?
False
Does 30 divide 802619122?
False
Does 2385 divide 11198353?
False
Is 2603 a factor of 2699040288?
True
Is 2169651771 a multiple of 189?
True
Is 3411803415 a multiple of 515?
True
Is 5 a factor of 165218080?
True
Is 84 a factor of 847044322?
False
Is 3 a factor of 42664095?
True
Is 171 a factor of 3597189003?
True
Is 23 a factor of 74473333?
True
Is 2162 a factor of 29966039?
False
Is 102219604 a multiple of 148?
True
Is 724752306 a multiple of 27?
True
Does 33 divide 155415451?
False
Is 29 a factor of 25149438?
True
Does 17 divide 44354649?
True
Is 75959163 a multiple of 4950?
False
Does 8 divide 48584144?
True
Is 20 a factor of 506433909?
False
Is 405 a factor of 22974435?
True
Does 614 divide 2220556174?
True
Is 14652041 a multiple of 643?
True
Does 8284 divide 1129040388?
False
Is 90 a factor of 83024868?
False
Is 75 a factor of 411762?
False
Is 54 a factor of 198405041?
False
Is 310 a factor of 61418828?
False
Is 320200903 a multiple of 2579?
True
Is 7 a factor of 23988398?
True
Is 400373995 a multiple of 7?
True
Is 3 a factor of 1596989226?
True
Is 46 a factor of 15023324?
True
Is 196404366 a multiple of 62?
False
Does 1866 divide 3150253825?
False
Is 4 a factor of 206717212?
True
Does 142 divide 35924012?
True
Is 59 a factor of 18719258?
False
Does 13 divide 802736422?
False
Is 5 a factor of 387757995?
True
Is 39054166 a multiple of 10?
False
Does 2164 divide 4095445740?
True
Is 117 a factor of 108361071?
True
Is 3251 a factor of 1698943341?
True
Is 7456 a factor of 264322656?
True
Is 1037 a factor of 1754147339?
False
Does 297 divide 11185614?
True
Is 218 a factor of 2233657526?
False
Is 22552233 a multiple of 33?
True
Is 108 a factor of 3172608?
True
Does 3687 divide 357644872?
False
Does 2338 divide 96104911?
False
Is 2771 a factor of 1471431481?
True
Does 48 divide 46351008?
True
Is 3348783975 a multiple of 25?
True
Is 85041825 a multiple of 363?
True
Is 404362167 a multiple of 11?
True
Is 5950385 a multiple of 14?
False
Is 77 a factor of 1621364475?
False
Is 391569012 a multiple of 18?
True
Does 1217 divide 129711511?
True
Does 756 divide 2027715554?
False
Is 81896458 a multiple of 254?
True
Is 875593250 a multiple of 4494?
False
Does 110 divide 627652740?
True
Is 41 a factor of 403882718?
True
Is 973942452 a multiple of 23?
True
Is 384 a factor of 65870592?
True
Is 920 a factor of 1734329720?
True
Is 889185441 a multiple of 113?
False
Is 273 a factor of 465360790?
False
Is 57 a factor of 32882305?
False
Does 25 divide 13652781?
False
Does 18 divide 23243046?
False
Is 56 a factor of 9348963?
False
Does 33 divide 49990468?
False
Is 2636577368 a multiple of 236?
True
Is 11 a factor of 380647652?
True
Is 603 a factor of 100268972?
False
Is 160750161 a multiple of 1131?
True
Is 144396924 a multiple of 43?
True
Is 1629201330 a multiple of 2649?
False
Does 464 divide 20184160?
False
Is 2340 a factor of 634181348?
False
Is 1332452091 a multiple of 10?
False
Is 653 a factor of 121478022?
False
Is 234847802 a multiple of 3177?
False
Is 62899116 a multiple of 42?
True
Does 729 divide 136844574?
False
Is 77 a factor of 74903444?
True
Is 6017 a factor of 1091580072?
True
Does 921 divide 749507298?
False
Is 23 a factor of 284476949?
True
Is 38 a factor of 164942116?
True
Does 4 divide 42920176?
True
Is 289946866 a multiple of 187?
True
Does 3309 divide 114557580?
True
Does 30 divide 238221270?
True
Does 3730 divide 1102592700?
False
Is 53505768 a multiple of 24?
True
Does 354 divide 543086976?
True
Is 260152025 a multiple of 3?
False
Is 1372984502 a multiple of 3649?
False
Is 2463 a factor of 818829276?
True
Does 185 divide 59984215?
True
Is 33 a factor of 600166297?
False
Does 192 divide 167631552?
True
Does 59 divide 7667286?
True
Is 7644982 a multiple of 32?
False
Does 4295 divide 1593543785?
True
Does 169 divide 285734495?
False
Is 19198789 a multiple of 1892?
False
Is 3848280 a multiple of 6?
True
Does 19 divide 3685498?
False
Is 153622960 a multiple of 722?
False
Does 31 divide 84433169?
False
Is 55385728 a multiple of 3245?
False
Is 48769296 a multiple of 391?
False
Does 40 divide 165649800?
True
Does 18 divide 241987786?
False
Is 151 a factor of 154104107?
True
Does 27 divide 64552262?
False
Does 120 divide 17294520?
True
Is 133 a factor of 4217937?
False
Is 4646630 a multiple of 453?
False
Is 947 a factor of 91053103?
True
Is 629 a factor of 220393611?
False
Is 469 a factor of 459509785?
True
Does 207 divide 560037465?
True
Is 539111432 a multiple of 4904?
True
Is 58 a factor of 7473023148?
False
Does 12 divide 101793519?
False
Is 48 a factor of 56159328?
True
Does 22 divide 2503270?
True
Does 3933 divide 259644629?
False
Is 249525116 a multiple of 68?
True
Is 118637356 a multiple of 4?
True
Is 103943400 a multiple of 660?
True
Is 1775 a factor of 5857500?
True
Does 14 divide 30901066?
True
Does 21 divide 76850750?
False
Is 16133712 a multiple of 222?
False
Is 753103362 a multiple of 4721?
True
Is 529391832 a multiple of 893?
True
Is 11480496 a multiple of 138?
True
Is 495 a factor of 429258546?
False
Does 749 divide 227476543?
True
Is 107 a factor of 47562891?
True
Does 855 divide 84894660?
True
Is 83 a factor of 47257544?
True
Is 4 a factor of 410586628?
True
Is 13502280 a multiple of 772?
True
Does 5 divide 17615622?
False
Is 1836 a factor of 92084580?
True
Does 137 divide 38432062?
True
Does 13 divide 12849191?
False
Is 258003772 a multiple of 3?
False
Is 51005722 a multiple of 311?
False
Does 4 divide 2710900?
True
Is 2838 a factor of 119885634?
True
Is 40 a factor of 344250159?
False
Is 45698985 a multiple of 27?
True
Is 41054387 a multiple of 1339?
False
Is 76782 a multiple of 8?
False
Is 224043470 a multiple of 3?
False
Is 6073828 a multiple of 34?
True
Is 217787500 a multiple of 100?
True
Does 22 divide 23196570?
False
Does 11 divide 364391591?
False
Does 2094 divide 3270854072?
False
Does 10068 divide 66263375?
False
Does 1245 divide 1341664290?
True
Is 4911417 a multiple of 37?
True
Does 62 divide 88473379?
False
Does 52 divide 11877424?
True
Does 573 divide 13668772?
False
Is 42257294 a multiple of 1197?
False
Is 1192338124 a multiple of 92?
True
Is 1235593604 a multiple of 4804?
True
Is 5407972 a multiple of 48?
False
Is 55 a factor of 337723879?
False
Is 22043652 a multiple of 12?
True
Is 206 a factor of 23076196?
False
Is 21 a factor of 26699232?
True
Is 39 a factor of 267004374?
True
Is 282 a factor of 17848908?
True
Is 16 a factor of 39979474?
False
Does 85 divide 52597962?
False
Is 224753388 a multiple of 2022?
True
Is 222313729 a multiple of 85?
False